{"id":1763,"date":"2022-05-27T13:00:34","date_gmt":"2022-05-27T13:00:34","guid":{"rendered":"https:\/\/www.ucot.com.uy\/?page_id=1763"},"modified":"2022-05-29T00:34:20","modified_gmt":"2022-05-29T00:34:20","slug":"gratuidad-en-el-trasporte-sub-urbano","status":"publish","type":"page","link":"https:\/\/www.ucot.com.uy\/index.php\/gratuidad-en-el-trasporte-sub-urbano\/","title":{"rendered":"Gratuidad en el trasporte sub-urbano"},"content":{"rendered":"\t\t<div data-elementor-type=\"wp-page\" data-elementor-id=\"1763\" class=\"elementor elementor-1763\">\n\t\t\t\t\t\t<section class=\"elementor-section elementor-top-section elementor-element elementor-element-c758266 elementor-section-boxed elementor-section-height-default elementor-section-height-default\" data-id=\"c758266\" data-element_type=\"section\" data-e-type=\"section\">\n\t\t\t\t\t\t<div class=\"elementor-container elementor-column-gap-default\">\n\t\t\t\t\t<div class=\"elementor-column elementor-col-100 elementor-top-column elementor-element elementor-element-12c17d7\" data-id=\"12c17d7\" data-element_type=\"column\" data-e-type=\"column\">\n\t\t\t<div class=\"elementor-widget-wrap elementor-element-populated\">\n\t\t\t\t\t\t<div class=\"elementor-element elementor-element-771b7c0 elementor-widget elementor-widget-heading\" data-id=\"771b7c0\" data-element_type=\"widget\" data-e-type=\"widget\" data-widget_type=\"heading.default\">\n\t\t\t\t<div class=\"elementor-widget-container\">\n\t\t\t\t\t<h2 class=\"elementor-heading-title elementor-size-default\">GRATUIDAD  SUB-URBANO<\/h2>\t\t\t\t<\/div>\n\t\t\t\t<\/div>\n\t\t\t\t<div class=\"elementor-element elementor-element-40283b2 elementor-widget elementor-widget-text-editor\" data-id=\"40283b2\" data-element_type=\"widget\" data-e-type=\"widget\" data-widget_type=\"text-editor.default\">\n\t\t\t\t<div class=\"elementor-widget-container\">\n\t\t\t\t\t\t\t\t\t<h2><strong>Personal Policial<\/strong><\/h2><p>En las l\u00edneas sub-urbanas el personal policial dependiente del Ministerio de Interior y de las Jefaturas de Polic\u00edas Departamentales podr\u00e1n hacer uso del transporte sin cargo siempre que vistan el correspondiente uniforme.<\/p><p>Esta gratuidad s\u00f3lo se extender\u00e1 por hasta 40 kil\u00f3metros desde el lugar de ascenso, a\u00fan cuando se transpongan l\u00edmites departamentales.<\/p><p>El transporte gratuito queda limitado a dos polic\u00edas por veh\u00edculo, los que no podr\u00e1n ocupar asiento cuando existan otros pasajeros de pie.<\/p>\t\t\t\t\t\t\t\t<\/div>\n\t\t\t\t<\/div>\n\t\t\t\t\t<\/div>\n\t\t<\/div>\n\t\t\t\t\t<\/div>\n\t\t<\/section>\n\t\t\t\t<section class=\"elementor-section elementor-top-section elementor-element elementor-element-363aaca elementor-section-boxed elementor-section-height-default elementor-section-height-default\" data-id=\"363aaca\" data-element_type=\"section\" data-e-type=\"section\">\n\t\t\t\t\t\t<div class=\"elementor-container elementor-column-gap-default\">\n\t\t\t\t\t<div class=\"elementor-column elementor-col-100 elementor-top-column elementor-element elementor-element-8e44b33\" data-id=\"8e44b33\" data-element_type=\"column\" data-e-type=\"column\">\n\t\t\t<div class=\"elementor-widget-wrap elementor-element-populated\">\n\t\t\t\t\t\t<div class=\"elementor-element elementor-element-cedfc6e elementor-widget elementor-widget-text-editor\" data-id=\"cedfc6e\" data-element_type=\"widget\" data-e-type=\"widget\" data-widget_type=\"text-editor.default\">\n\t\t\t\t<div class=\"elementor-widget-container\">\n\t\t\t\t\t\t\t\t\t<h2><strong>Escolares<\/strong><\/h2><p>Las empresas sub-urbanas transportan gratuitamente a los escolares que tengan entre 5 y 15 a\u00f1os de edad para concurrir a los Centros de Ense\u00f1anza P\u00fablica o Privada habilitados por el CODICEN.<\/p><p>Este transporte gratuito es obligatorio durante los 90 minutos previos o posteriores a los respectivos horarios de entrada y salida de los centros de ense\u00f1anza.\u00a0<\/p><p>Los escolares deben vestir<\/p><ul><li style=\"list-style-type: none;\"><ul><li>T\u00fanica blanca con mo\u00f1a o corbata azul<\/li><li>T\u00fanica de color, uniformes cl\u00e1sicos con insignias del colegio bordadas o grabadas en forma indeleble y letrero \u00abESCOLAR\u00bb<\/li><\/ul><\/li><\/ul><p>En estas l\u00edneas no es obligatorio el transporte de escolares cuando por el mismo recorrido existen l\u00edneas departamentales en los horarios referidos.<\/p><p>En ning\u00fan caso los traslados podr\u00e1n exceder los 60 kil\u00f3metros.<\/p><p>La obligaci\u00f3n no regir\u00e1 en los servicios directos o cuando el escolar ascienda y descienda del veh\u00edculo en un solo viaje dentro de los l\u00edmites de la zona urbana del Dpto. de Montevideo.<\/p>\t\t\t\t\t\t\t\t<\/div>\n\t\t\t\t<\/div>\n\t\t\t\t\t<\/div>\n\t\t<\/div>\n\t\t\t\t\t<\/div>\n\t\t<\/section>\n\t\t\t\t<section class=\"elementor-section elementor-top-section elementor-element elementor-element-f523c86 elementor-section-boxed elementor-section-height-default elementor-section-height-default\" data-id=\"f523c86\" data-element_type=\"section\" data-e-type=\"section\">\n\t\t\t\t\t\t<div class=\"elementor-container elementor-column-gap-default\">\n\t\t\t\t\t<div class=\"elementor-column elementor-col-100 elementor-top-column elementor-element elementor-element-3a073f8\" data-id=\"3a073f8\" data-element_type=\"column\" data-e-type=\"column\">\n\t\t\t<div class=\"elementor-widget-wrap elementor-element-populated\">\n\t\t\t\t\t\t<div class=\"elementor-element elementor-element-f2fe4e7 elementor-widget elementor-widget-text-editor\" data-id=\"f2fe4e7\" data-element_type=\"widget\" data-e-type=\"widget\" data-widget_type=\"text-editor.default\">\n\t\t\t\t<div class=\"elementor-widget-container\">\n\t\t\t\t\t\t\t\t\t<h2><strong>Menores de 5 a\u00f1os<\/strong><\/h2><p>Los menores de hasta 5 a\u00f1os inclusive viajar\u00e1n sin cargo y sin derecho a asiento. Este beneficio s\u00f3lo es aplicable cuando el menor viaje acompa\u00f1ado de un mayor. (Seg\u00fan Decreto 116\/993 del M.T.O.P., art. 32).<\/p>\t\t\t\t\t\t\t\t<\/div>\n\t\t\t\t<\/div>\n\t\t\t\t\t<\/div>\n\t\t<\/div>\n\t\t\t\t\t<\/div>\n\t\t<\/section>\n\t\t\t\t<section class=\"elementor-section elementor-top-section elementor-element elementor-element-d1bebad elementor-section-boxed elementor-section-height-default elementor-section-height-default\" data-id=\"d1bebad\" data-element_type=\"section\" data-e-type=\"section\">\n\t\t\t\t\t\t<div class=\"elementor-container elementor-column-gap-default\">\n\t\t\t\t\t<div class=\"elementor-column elementor-col-100 elementor-top-column elementor-element elementor-element-5c26a72\" data-id=\"5c26a72\" data-element_type=\"column\" data-e-type=\"column\">\n\t\t\t<div class=\"elementor-widget-wrap elementor-element-populated\">\n\t\t\t\t\t\t<div class=\"elementor-element elementor-element-89cb140 elementor-widget elementor-widget-text-editor\" data-id=\"89cb140\" data-element_type=\"widget\" data-e-type=\"widget\" data-widget_type=\"text-editor.default\">\n\t\t\t\t<div class=\"elementor-widget-container\">\n\t\t\t\t\t\t\t\t\t<h2><strong>Funcionarios de M.T.O.P<\/strong><\/h2><p>Los funcionarios que designe el Ministerio de Transporte y Obras P\u00fablicas para el cumplimiento de tareas inspectivas o de controlar ser\u00e1n transportados sin cargo.<\/p><p>Los funcionarios deber\u00e1n exhibir la correspondiente documentaci\u00f3n que acredite su identidad y su cometido oficial.<\/p>\t\t\t\t\t\t\t\t<\/div>\n\t\t\t\t<\/div>\n\t\t\t\t\t<\/div>\n\t\t<\/div>\n\t\t\t\t\t<\/div>\n\t\t<\/section>\n\t\t\t\t<\/div>\n\t\t","protected":false},"excerpt":{"rendered":"<p>GRATUIDAD SUB-URBANO Personal Policial En las l\u00edneas sub-urbanas el personal policial dependiente del Ministerio de Interior y de las Jefaturas de Polic\u00edas Departamentales podr\u00e1n hacer uso del transporte sin cargo &#8230;<\/p>\n","protected":false},"author":1,"featured_media":0,"parent":0,"menu_order":0,"comment_status":"closed","ping_status":"closed","template":"elementor_header_footer","meta":{"footnotes":""},"class_list":["post-1763","page","type-page","status-publish","hentry"],"_links":{"self":[{"href":"https:\/\/www.ucot.com.uy\/index.php\/wp-json\/wp\/v2\/pages\/1763","targetHints":{"allow":["GET"]}}],"collection":[{"href":"https:\/\/www.ucot.com.uy\/index.php\/wp-json\/wp\/v2\/pages"}],"about":[{"href":"https:\/\/www.ucot.com.uy\/index.php\/wp-json\/wp\/v2\/types\/page"}],"author":[{"embeddable":true,"href":"https:\/\/www.ucot.com.uy\/index.php\/wp-json\/wp\/v2\/users\/1"}],"replies":[{"embeddable":true,"href":"https:\/\/www.ucot.com.uy\/index.php\/wp-json\/wp\/v2\/comments?post=1763"}],"version-history":[{"count":7,"href":"https:\/\/www.ucot.com.uy\/index.php\/wp-json\/wp\/v2\/pages\/1763\/revisions"}],"predecessor-version":[{"id":1844,"href":"https:\/\/www.ucot.com.uy\/index.php\/wp-json\/wp\/v2\/pages\/1763\/revisions\/1844"}],"wp:attachment":[{"href":"https:\/\/www.ucot.com.uy\/index.php\/wp-json\/wp\/v2\/media?parent=1763"}],"curies":[{"name":"wp","href":"https:\/\/api.w.org\/{rel}","templated":true}]}}

<div data-elementor-type="wp-page" data-elementor-id="1763" class="elementor elementor-1763">
						<section class="elementor-section elementor-top-section elementor-element elementor-element-c758266 elementor-section-boxed elementor-section-height-default elementor-section-height-default" data-id="c758266" data-element_type="section" data-e-type="section">
						<div class="elementor-container elementor-column-gap-default">
					<div class="elementor-column elementor-col-100 elementor-top-column elementor-element elementor-element-12c17d7" data-id="12c17d7" data-element_type="column" data-e-type="column">
			<div class="elementor-widget-wrap elementor-element-populated">
						<div class="elementor-element elementor-element-771b7c0 elementor-widget elementor-widget-heading" data-id="771b7c0" data-element_type="widget" data-e-type="widget" data-widget_type="heading.default">
				<div class="elementor-widget-container">
					<h2 class="elementor-heading-title elementor-size-default">GRATUIDAD  SUB-URBANO</h2>				</div>
				</div>
				<div class="elementor-element elementor-element-40283b2 elementor-widget elementor-widget-text-editor" data-id="40283b2" data-element_type="widget" data-e-type="widget" data-widget_type="text-editor.default">
				<div class="elementor-widget-container">
									<h2><strong>Personal Policial</strong></h2><p>En las líneas sub-urbanas el personal policial dependiente del Ministerio de Interior y de las Jefaturas de Policías Departamentales podrán hacer uso del transporte sin cargo siempre que vistan el correspondiente uniforme.</p><p>Esta gratuidad sólo se extenderá por hasta 40 kilómetros desde el lugar de ascenso, aún cuando se transpongan límites departamentales.</p><p>El transporte gratuito queda limitado a dos policías por vehículo, los que no podrán ocupar asiento cuando existan otros pasajeros de pie.</p>								</div>
				</div>
					</div>
		</div>
					</div>
		</section>
				<section class="elementor-section elementor-top-section elementor-element elementor-element-363aaca elementor-section-boxed elementor-section-height-default elementor-section-height-default" data-id="363aaca" data-element_type="section" data-e-type="section">
						<div class="elementor-container elementor-column-gap-default">
					<div class="elementor-column elementor-col-100 elementor-top-column elementor-element elementor-element-8e44b33" data-id="8e44b33" data-element_type="column" data-e-type="column">
			<div class="elementor-widget-wrap elementor-element-populated">
						<div class="elementor-element elementor-element-cedfc6e elementor-widget elementor-widget-text-editor" data-id="cedfc6e" data-element_type="widget" data-e-type="widget" data-widget_type="text-editor.default">
				<div class="elementor-widget-container">
									<h2><strong>Escolares</strong></h2><p>Las empresas sub-urbanas transportan gratuitamente a los escolares que tengan entre 5 y 15 años de edad para concurrir a los Centros de Enseñanza Pública o Privada habilitados por el CODICEN.</p><p>Este transporte gratuito es obligatorio durante los 90 minutos previos o posteriores a los respectivos horarios de entrada y salida de los centros de enseñanza. </p><p>Los escolares deben vestir</p><ul><li style="list-style-type: none;"><ul><li>Túnica blanca con moña o corbata azul</li><li>Túnica de color, uniformes clásicos con insignias del colegio bordadas o grabadas en forma indeleble y letrero «ESCOLAR»</li></ul></li></ul><p>En estas líneas no es obligatorio el transporte de escolares cuando por el mismo recorrido existen líneas departamentales en los horarios referidos.</p><p>En ningún caso los traslados podrán exceder los 60 kilómetros.</p><p>La obligación no regirá en los servicios directos o cuando el escolar ascienda y descienda del vehículo en un solo viaje dentro de los límites de la zona urbana del Dpto. de Montevideo.</p>								</div>
				</div>
					</div>
		</div>
					</div>
		</section>
				<section class="elementor-section elementor-top-section elementor-element elementor-element-f523c86 elementor-section-boxed elementor-section-height-default elementor-section-height-default" data-id="f523c86" data-element_type="section" data-e-type="section">
						<div class="elementor-container elementor-column-gap-default">
					<div class="elementor-column elementor-col-100 elementor-top-column elementor-element elementor-element-3a073f8" data-id="3a073f8" data-element_type="column" data-e-type="column">
			<div class="elementor-widget-wrap elementor-element-populated">
						<div class="elementor-element elementor-element-f2fe4e7 elementor-widget elementor-widget-text-editor" data-id="f2fe4e7" data-element_type="widget" data-e-type="widget" data-widget_type="text-editor.default">
				<div class="elementor-widget-container">
									<h2><strong>Menores de 5 años</strong></h2><p>Los menores de hasta 5 años inclusive viajarán sin cargo y sin derecho a asiento. Este beneficio sólo es aplicable cuando el menor viaje acompañado de un mayor. (Según Decreto 116/993 del M.T.O.P., art. 32).</p>								</div>
				</div>
					</div>
		</div>
					</div>
		</section>
				<section class="elementor-section elementor-top-section elementor-element elementor-element-d1bebad elementor-section-boxed elementor-section-height-default elementor-section-height-default" data-id="d1bebad" data-element_type="section" data-e-type="section">
						<div class="elementor-container elementor-column-gap-default">
					<div class="elementor-column elementor-col-100 elementor-top-column elementor-element elementor-element-5c26a72" data-id="5c26a72" data-element_type="column" data-e-type="column">
			<div class="elementor-widget-wrap elementor-element-populated">
						<div class="elementor-element elementor-element-89cb140 elementor-widget elementor-widget-text-editor" data-id="89cb140" data-element_type="widget" data-e-type="widget" data-widget_type="text-editor.default">
				<div class="elementor-widget-container">
									<h2><strong>Funcionarios de M.T.O.P</strong></h2><p>Los funcionarios que designe el Ministerio de Transporte y Obras Públicas para el cumplimiento de tareas inspectivas o de controlar serán transportados sin cargo.</p><p>Los funcionarios deberán exhibir la correspondiente documentación que acredite su identidad y su cometido oficial.</p>								</div>
				</div>
					</div>
		</div>
					</div>
		</section>
				</div>

<p>GRATUIDAD SUB-URBANO Personal Policial En las líneas sub-urbanas el personal policial dependiente del Ministerio de Interior y de las Jefaturas de Policías Departamentales podrán hacer uso del transporte sin cargo &#8230;</p>
