{"id":1773,"date":"2022-05-27T13:17:55","date_gmt":"2022-05-27T13:17:55","guid":{"rendered":"https:\/\/www.ucot.com.uy\/?page_id=1773"},"modified":"2022-05-29T00:34:31","modified_gmt":"2022-05-29T00:34:31","slug":"gratuidad-en-el-transporte-urbano","status":"publish","type":"page","link":"https:\/\/www.ucot.com.uy\/index.php\/gratuidad-en-el-transporte-urbano\/","title":{"rendered":"Gratuidad en el transporte urbano"},"content":{"rendered":"\t\t<div data-elementor-type=\"wp-page\" data-elementor-id=\"1773\" class=\"elementor elementor-1773\">\n\t\t\t\t\t\t<section class=\"elementor-section elementor-top-section elementor-element elementor-element-c6663fc elementor-section-boxed elementor-section-height-default elementor-section-height-default\" data-id=\"c6663fc\" data-element_type=\"section\" data-e-type=\"section\">\n\t\t\t\t\t\t<div class=\"elementor-container elementor-column-gap-default\">\n\t\t\t\t\t<div class=\"elementor-column elementor-col-100 elementor-top-column elementor-element elementor-element-899b698\" data-id=\"899b698\" data-element_type=\"column\" data-e-type=\"column\">\n\t\t\t<div class=\"elementor-widget-wrap elementor-element-populated\">\n\t\t\t\t\t\t<div class=\"elementor-element elementor-element-3d17fc4 elementor-widget elementor-widget-heading\" data-id=\"3d17fc4\" data-element_type=\"widget\" data-e-type=\"widget\" data-widget_type=\"heading.default\">\n\t\t\t\t<div class=\"elementor-widget-container\">\n\t\t\t\t\t<h2 class=\"elementor-heading-title elementor-size-default\">GRATUIDAD URBANO<\/h2>\t\t\t\t<\/div>\n\t\t\t\t<\/div>\n\t\t\t\t<div class=\"elementor-element elementor-element-6cd72e4 elementor-widget elementor-widget-text-editor\" data-id=\"6cd72e4\" data-element_type=\"widget\" data-e-type=\"widget\" data-widget_type=\"text-editor.default\">\n\t\t\t\t<div class=\"elementor-widget-container\">\n\t\t\t\t\t\t\t\t\t<h2><strong>Escolares<\/strong><\/h2><p>Los ni\u00f1os alumnos de Escuelas P\u00fablicas y Privadas habilitadas por el Consejo de Ense\u00f1anza Primaria tienen derecho a viajar en los veh\u00edculos afectados al transporte colectivo urbano, de lunes a s\u00e1bados de 6:00 a 19:00 horas.<\/p><p>Para ello deber\u00e1n vestir t\u00fanica blanca con mo\u00f1a o corbata azul o portar en el exterior de la vestimenta, debajo y delante del hombro izquierdo un carn\u00e9 colgante identificatorio, que tendr\u00e1 en su parte superior la palabra \u00abESCOLAR\u00bb escrita con caracteres cuyas dimensiones m\u00ednimas ser\u00e1n de 10mm. de alto por 10 cm. de ancho, en un costado en vertical el a\u00f1o en curso y luego elementos que identifiquen en la instituci\u00f3n y al alumno. En el caso de utilizar uniformes de tipo deportivos, portar\u00e1n debajo y delante del hombro izquierdo una insignia del colegio al que pertenecen o grabado en forma indeleble.<\/p>\t\t\t\t\t\t\t\t<\/div>\n\t\t\t\t<\/div>\n\t\t\t\t\t<\/div>\n\t\t<\/div>\n\t\t\t\t\t<\/div>\n\t\t<\/section>\n\t\t\t\t<section class=\"elementor-section elementor-top-section elementor-element elementor-element-8dc5280 elementor-section-boxed elementor-section-height-default elementor-section-height-default\" data-id=\"8dc5280\" data-element_type=\"section\" data-e-type=\"section\">\n\t\t\t\t\t\t<div class=\"elementor-container elementor-column-gap-default\">\n\t\t\t\t\t<div class=\"elementor-column elementor-col-100 elementor-top-column elementor-element elementor-element-a183063\" data-id=\"a183063\" data-element_type=\"column\" data-e-type=\"column\">\n\t\t\t<div class=\"elementor-widget-wrap elementor-element-populated\">\n\t\t\t\t\t\t<div class=\"elementor-element elementor-element-c74b1fd elementor-widget elementor-widget-text-editor\" data-id=\"c74b1fd\" data-element_type=\"widget\" data-e-type=\"widget\" data-widget_type=\"text-editor.default\">\n\t\t\t\t<div class=\"elementor-widget-container\">\n\t\t\t\t\t\t\t\t\t<h2><strong>Ni\u00f1os menores de 5 a\u00f1os<\/strong><\/h2><p>Los ni\u00f1os menores de 5 a\u00f1os acompa\u00f1ados por un mayor podr\u00e1n viajar gratuitamente en el transporte urbano. En caso de viajar m\u00e1s de un menor con un mayor, cada dos abonar\u00e1n un boleto.<\/p>\t\t\t\t\t\t\t\t<\/div>\n\t\t\t\t<\/div>\n\t\t\t\t\t<\/div>\n\t\t<\/div>\n\t\t\t\t\t<\/div>\n\t\t<\/section>\n\t\t\t\t<section class=\"elementor-section elementor-top-section elementor-element elementor-element-2aec512 elementor-section-boxed elementor-section-height-default elementor-section-height-default\" data-id=\"2aec512\" data-element_type=\"section\" data-e-type=\"section\">\n\t\t\t\t\t\t<div class=\"elementor-container elementor-column-gap-default\">\n\t\t\t\t\t<div class=\"elementor-column elementor-col-100 elementor-top-column elementor-element elementor-element-01637df\" data-id=\"01637df\" data-element_type=\"column\" data-e-type=\"column\">\n\t\t\t<div class=\"elementor-widget-wrap elementor-element-populated\">\n\t\t\t\t\t\t<div class=\"elementor-element elementor-element-a508a11 elementor-widget elementor-widget-text-editor\" data-id=\"a508a11\" data-element_type=\"widget\" data-e-type=\"widget\" data-widget_type=\"text-editor.default\">\n\t\t\t\t<div class=\"elementor-widget-container\">\n\t\t\t\t\t\t\t\t\t<h2><strong>Ni\u00f1os menores de 12 a\u00f1os<\/strong><\/h2><p>Los ni\u00f1os menores de 12 a\u00f1os, solos o acompa\u00f1ados por un mayor, podr\u00e1n viajar gratuitamente los d\u00edas domingos y los siguientes feriados:<\/p><ul><li style=\"list-style-type: none;\"><ul><li>1ro. de Enero &#8211; A\u00f1o Nuevo<\/li><li>6 de Enero &#8211; D\u00eda de Reyes<\/li><li>Carnaval (Lunes y Martes)<\/li><li>Semana de Turismo (Lunes a S\u00e1bados)<\/li><li>19 de Abril &#8211; Desembarco de los 33&#8243;<\/li><li>1ro. de Mayo &#8211; D\u00eda de los Trabajadores<\/li><li>18 de Mayo &#8211; Batalla de las Piedras<\/li><li>19 de Junio &#8211; Natalicio del Gral. Artigas<\/li><li>18 de Julio &#8211; Jura de Constituci\u00f3n<\/li><li>25 de Agosto &#8211; Declaratoria de la Independencia<\/li><li>12 de Octubre &#8211; D\u00eda de las Am\u00e9ricas<\/li><li>2 de Noviembre &#8211; D\u00eda de los Difuntos<\/li><li>25 de Diciembre &#8211; Navidad<\/li><\/ul><\/li><\/ul><p>Los pasajeros deber\u00e1n exhibir la c\u00e9dula de identidad toda vez que el guarda lo exija. (Res. N\u00ba13.697\/93 de la IMM)<\/p>\t\t\t\t\t\t\t\t<\/div>\n\t\t\t\t<\/div>\n\t\t\t\t\t<\/div>\n\t\t<\/div>\n\t\t\t\t\t<\/div>\n\t\t<\/section>\n\t\t\t\t<section class=\"elementor-section elementor-top-section elementor-element elementor-element-b95f8b0 elementor-section-boxed elementor-section-height-default elementor-section-height-default\" data-id=\"b95f8b0\" data-element_type=\"section\" data-e-type=\"section\">\n\t\t\t\t\t\t<div class=\"elementor-container elementor-column-gap-default\">\n\t\t\t\t\t<div class=\"elementor-column elementor-col-100 elementor-top-column elementor-element elementor-element-88e98eb\" data-id=\"88e98eb\" data-element_type=\"column\" data-e-type=\"column\">\n\t\t\t<div class=\"elementor-widget-wrap elementor-element-populated\">\n\t\t\t\t\t\t<div class=\"elementor-element elementor-element-4202e2e elementor-widget elementor-widget-text-editor\" data-id=\"4202e2e\" data-element_type=\"widget\" data-e-type=\"widget\" data-widget_type=\"text-editor.default\">\n\t\t\t\t<div class=\"elementor-widget-container\">\n\t\t\t\t\t\t\t\t\t<h2><strong>Adultos mayores de 70 a\u00f1os<\/strong><\/h2><p>Los adultos mayores de 70 a\u00f1os podr\u00e1n viajar gratuitamente los d\u00edas domingos y los siguientes feriados.<\/p><ul><li style=\"list-style-type: none;\"><ul><li>1ro. de Enero &#8211; A\u00f1o Nuevo<\/li><li>6 de Enero &#8211; D\u00eda de Reyes<\/li><li>Carnaval (Lunes y Martes)<\/li><li>Semana de Turismo (Lunes a S\u00e1bados)<\/li><li>19 de Abril &#8211; Desembarco de los 33&#8243;<\/li><li>1ro. de Mayo &#8211; D\u00eda de los Trabajadores<\/li><li>18 de Mayo &#8211; Batalla de las Piedras<\/li><li>19 de Junio &#8211; Natalicio del Gral. Artigas<\/li><li>18 de Julio &#8211; Jura de Constituci\u00f3n<\/li><li>25 de Agosto &#8211; Declaratoria de la Independencia<\/li><li>12 de Octubre &#8211; D\u00eda de las Am\u00e9ricas<\/li><li>2 de Noviembre &#8211; D\u00eda de los Difuntos<\/li><li>25 de Diciembre &#8211; Navidad<\/li><\/ul><\/li><\/ul><p>Los pasajeros deber\u00e1n exhibir la c\u00e9dula de identidad toda vez que el guarda lo exija. (Res. N\u00ba13.697\/93 de la IMM)<\/p>\t\t\t\t\t\t\t\t<\/div>\n\t\t\t\t<\/div>\n\t\t\t\t\t<\/div>\n\t\t<\/div>\n\t\t\t\t\t<\/div>\n\t\t<\/section>\n\t\t\t\t<section class=\"elementor-section elementor-top-section elementor-element elementor-element-222d1d1 elementor-section-boxed elementor-section-height-default elementor-section-height-default\" data-id=\"222d1d1\" data-element_type=\"section\" data-e-type=\"section\">\n\t\t\t\t\t\t<div class=\"elementor-container elementor-column-gap-default\">\n\t\t\t\t\t<div class=\"elementor-column elementor-col-100 elementor-top-column elementor-element elementor-element-f4338ad\" data-id=\"f4338ad\" data-element_type=\"column\" data-e-type=\"column\">\n\t\t\t<div class=\"elementor-widget-wrap elementor-element-populated\">\n\t\t\t\t\t\t<div class=\"elementor-element elementor-element-c0ffaa8 elementor-widget elementor-widget-text-editor\" data-id=\"c0ffaa8\" data-element_type=\"widget\" data-e-type=\"widget\" data-widget_type=\"text-editor.default\">\n\t\t\t\t<div class=\"elementor-widget-container\">\n\t\t\t\t\t\t\t\t\t<h2><strong>Personal docente de escuelas p\u00fablicas<\/strong><\/h2><p>El personal docente de escuelas p\u00fablicas est\u00e1 exonerado del pago del boleto en el transporte colectivo urbano de pasajeros, cuando viaje con alumnos de su clase a paseos o salidas did\u00e1cticas.<\/p>\t\t\t\t\t\t\t\t<\/div>\n\t\t\t\t<\/div>\n\t\t\t\t\t<\/div>\n\t\t<\/div>\n\t\t\t\t\t<\/div>\n\t\t<\/section>\n\t\t\t\t<section class=\"elementor-section elementor-top-section elementor-element elementor-element-459ee43 elementor-section-boxed elementor-section-height-default elementor-section-height-default\" data-id=\"459ee43\" data-element_type=\"section\" data-e-type=\"section\">\n\t\t\t\t\t\t<div class=\"elementor-container elementor-column-gap-default\">\n\t\t\t\t\t<div class=\"elementor-column elementor-col-100 elementor-top-column elementor-element elementor-element-fa86924\" data-id=\"fa86924\" data-element_type=\"column\" data-e-type=\"column\">\n\t\t\t<div class=\"elementor-widget-wrap elementor-element-populated\">\n\t\t\t\t\t\t<div class=\"elementor-element elementor-element-902bb05 elementor-widget elementor-widget-text-editor\" data-id=\"902bb05\" data-element_type=\"widget\" data-e-type=\"widget\" data-widget_type=\"text-editor.default\">\n\t\t\t\t<div class=\"elementor-widget-container\">\n\t\t\t\t\t\t\t\t\t<h2><strong>Gratuidad funcionarios de Prefectura Nacional Naval y Polic\u00edas\u00a0<\/strong><\/h2><p>Los Funcionarios de Prefectura Nacional Naval afectados al Servicio de Vigilancia de las platas y los policiales en servicio, uniformados, podr\u00e1n viajar gratuitamente en los veh\u00edculos del transporte colectivo urbano de pasajeros.<\/p>\t\t\t\t\t\t\t\t<\/div>\n\t\t\t\t<\/div>\n\t\t\t\t\t<\/div>\n\t\t<\/div>\n\t\t\t\t\t<\/div>\n\t\t<\/section>\n\t\t\t\t<\/div>\n\t\t","protected":false},"excerpt":{"rendered":"<p>GRATUIDAD URBANO Escolares Los ni\u00f1os alumnos de Escuelas P\u00fablicas y Privadas habilitadas por el Consejo de Ense\u00f1anza Primaria tienen derecho a viajar en los veh\u00edculos afectados al transporte colectivo urbano, &#8230;<\/p>\n","protected":false},"author":1,"featured_media":0,"parent":0,"menu_order":0,"comment_status":"closed","ping_status":"closed","template":"elementor_header_footer","meta":{"footnotes":""},"class_list":["post-1773","page","type-page","status-publish","hentry"],"_links":{"self":[{"href":"https:\/\/www.ucot.com.uy\/index.php\/wp-json\/wp\/v2\/pages\/1773","targetHints":{"allow":["GET"]}}],"collection":[{"href":"https:\/\/www.ucot.com.uy\/index.php\/wp-json\/wp\/v2\/pages"}],"about":[{"href":"https:\/\/www.ucot.com.uy\/index.php\/wp-json\/wp\/v2\/types\/page"}],"author":[{"embeddable":true,"href":"https:\/\/www.ucot.com.uy\/index.php\/wp-json\/wp\/v2\/users\/1"}],"replies":[{"embeddable":true,"href":"https:\/\/www.ucot.com.uy\/index.php\/wp-json\/wp\/v2\/comments?post=1773"}],"version-history":[{"count":10,"href":"https:\/\/www.ucot.com.uy\/index.php\/wp-json\/wp\/v2\/pages\/1773\/revisions"}],"predecessor-version":[{"id":1847,"href":"https:\/\/www.ucot.com.uy\/index.php\/wp-json\/wp\/v2\/pages\/1773\/revisions\/1847"}],"wp:attachment":[{"href":"https:\/\/www.ucot.com.uy\/index.php\/wp-json\/wp\/v2\/media?parent=1773"}],"curies":[{"name":"wp","href":"https:\/\/api.w.org\/{rel}","templated":true}]}}