{"id":1897,"date":"2022-05-30T13:28:37","date_gmt":"2022-05-30T13:28:37","guid":{"rendered":"https:\/\/www.ucot.com.uy\/?page_id=1897"},"modified":"2022-05-30T14:26:30","modified_gmt":"2022-05-30T14:26:30","slug":"informacion-general","status":"publish","type":"page","link":"https:\/\/www.ucot.com.uy\/index.php\/informacion-general\/","title":{"rendered":"Informaci\u00f3n general"},"content":{"rendered":"\t\t<div data-elementor-type=\"wp-page\" data-elementor-id=\"1897\" class=\"elementor elementor-1897\">\n\t\t\t\t\t\t<section class=\"elementor-section elementor-top-section elementor-element elementor-element-46348c7 elementor-section-boxed elementor-section-height-default elementor-section-height-default\" data-id=\"46348c7\" data-element_type=\"section\" data-e-type=\"section\">\n\t\t\t\t\t\t<div class=\"elementor-container elementor-column-gap-default\">\n\t\t\t\t\t<div class=\"elementor-column elementor-col-100 elementor-top-column elementor-element elementor-element-78c3ceb\" data-id=\"78c3ceb\" data-element_type=\"column\" data-e-type=\"column\">\n\t\t\t<div class=\"elementor-widget-wrap elementor-element-populated\">\n\t\t\t\t\t\t<div class=\"elementor-element elementor-element-9c9f6b4 elementor-widget elementor-widget-heading\" data-id=\"9c9f6b4\" data-element_type=\"widget\" data-e-type=\"widget\" data-widget_type=\"heading.default\">\n\t\t\t\t<div class=\"elementor-widget-container\">\n\t\t\t\t\t<h2 class=\"elementor-heading-title elementor-size-default\">INFORMACI\u00d3N GENERAL<\/h2>\t\t\t\t<\/div>\n\t\t\t\t<\/div>\n\t\t\t\t\t<\/div>\n\t\t<\/div>\n\t\t\t\t\t<\/div>\n\t\t<\/section>\n\t\t\t\t<section class=\"elementor-section elementor-top-section elementor-element elementor-element-2f9c960 elementor-section-boxed elementor-section-height-default elementor-section-height-default\" data-id=\"2f9c960\" data-element_type=\"section\" data-e-type=\"section\">\n\t\t\t\t\t\t<div class=\"elementor-container elementor-column-gap-default\">\n\t\t\t\t\t<div class=\"elementor-column elementor-col-100 elementor-top-column elementor-element elementor-element-191b3b8\" data-id=\"191b3b8\" data-element_type=\"column\" data-e-type=\"column\">\n\t\t\t<div class=\"elementor-widget-wrap elementor-element-populated\">\n\t\t\t\t\t\t<div class=\"elementor-element elementor-element-e5bc41a elementor-widget elementor-widget-text-editor\" data-id=\"e5bc41a\" data-element_type=\"widget\" data-e-type=\"widget\" data-widget_type=\"text-editor.default\">\n\t\t\t\t<div class=\"elementor-widget-container\">\n\t\t\t\t\t\t\t\t\t<h2>\u00a0<\/h2><h2><strong>Informaci\u00f3n general<\/strong><\/h2><p>Disposiciones Municipales:<\/p><ul><li>Dos ni\u00f1os menores de 5 a\u00f1os acompa\u00f1ados de un adulto, \u00abpagan un boleto\u00bb<\/li><li>Un ni\u00f1o con 5 a\u00f1os cumplidos \u00bb paga un boleto\u00bb<\/li><li>Los escolares deben viajar con t\u00fanica, mo\u00f1a o corbata azul, o con uniforme y la palabra \u00abESCOLAR\u00bb impresa sobra escudo del colegio. Si utiliza uniforme tipo deportivo, tambi\u00e9n debe llevar bordado o grabado la insignia del colegio al que pertenece.<\/li><li>Horario escolar: 6:00 a 19:00 (lunes a s\u00e1bados)<\/li><li>D\u00edas de lluvia: no es obligaci\u00f3n parar en todas las esquinas<\/li><li>Carteros: el libre transito tiene validez de 6:00 a 22:00 horas de lunes a s\u00e1bados<\/li><li>Viajan gratis con uniforme los funcionarios policiales y de la prefectura nacional naval<\/li><li>Ediles: viajan gratis con carn\u00e9 o medalla<\/li><li>El pase libre debe exhibirse para viajar<\/li><li>Mayores de 70 y menores de 12 a\u00f1os viajan gratuitamente los domingos y feriados presentando la cedula de identidad vigente<\/li><li>No se puede fumar en el \u00f3mnibus<\/li><li>No se puede llevar radios encendidas (salvo con aud\u00edfonos)<\/li><li>No esta permitido tomar mate a bordo del \u00f3mnibus<\/li><li>No se permite viajar con garrafas y recipientes con producto inflamables<\/li><li>Para que todos viajemos mejor, se recomienda correrse y descender por la puerta trasera<\/li><\/ul><h2><strong>Vestimenta escolar<\/strong><\/h2><p>Trascripci\u00f3n del art\u00edculo referente a la vestimenta de escolares con que acceden a la gratuidad en el transporte colectivo, en el horario habilitado de 6:00 a 19:00 horas de lunes a s\u00e1bado.<\/p><p>Vestir t\u00fanica blanca con mo\u00f1a o corbata azul, o portar en el exterior de la vestimenta, debajo y delante de su hombro izquierdo, un carn\u00e9 identificatorio que tendr\u00e1 en su parte superior la palabra \u00abESCOLAR\u00bb, escrita con caracteres cuyas dimensiones m\u00ednimas ser\u00e1n de 10 mil\u00edmetros de alto y 10 cent\u00edmetros de ancho, en un costado en vertical el a\u00f1o en curso, y luego elementos que identifiquen a la instituci\u00f3n y al alumno.<\/p><p>En el caso de utilizar uniformes de tipo deportivo, portar\u00e1n debajo y delante del hombro izquierdo una insignia del colegio al que pertenecen bordado o grabado en forma indeleble.<\/p>\t\t\t\t\t\t\t\t<\/div>\n\t\t\t\t<\/div>\n\t\t\t\t\t<\/div>\n\t\t<\/div>\n\t\t\t\t\t<\/div>\n\t\t<\/section>\n\t\t\t\t<\/div>\n\t\t","protected":false},"excerpt":{"rendered":"<p>INFORMACI\u00d3N GENERAL \u00a0 Informaci\u00f3n general Disposiciones Municipales: Dos ni\u00f1os menores de 5 a\u00f1os acompa\u00f1ados de un adulto, \u00abpagan un boleto\u00bb Un ni\u00f1o con 5 a\u00f1os cumplidos \u00bb paga un boleto\u00bb &#8230;<\/p>\n","protected":false},"author":1,"featured_media":0,"parent":0,"menu_order":0,"comment_status":"closed","ping_status":"closed","template":"elementor_header_footer","meta":{"footnotes":""},"class_list":["post-1897","page","type-page","status-publish","hentry"],"_links":{"self":[{"href":"https:\/\/www.ucot.com.uy\/index.php\/wp-json\/wp\/v2\/pages\/1897","targetHints":{"allow":["GET"]}}],"collection":[{"href":"https:\/\/www.ucot.com.uy\/index.php\/wp-json\/wp\/v2\/pages"}],"about":[{"href":"https:\/\/www.ucot.com.uy\/index.php\/wp-json\/wp\/v2\/types\/page"}],"author":[{"embeddable":true,"href":"https:\/\/www.ucot.com.uy\/index.php\/wp-json\/wp\/v2\/users\/1"}],"replies":[{"embeddable":true,"href":"https:\/\/www.ucot.com.uy\/index.php\/wp-json\/wp\/v2\/comments?post=1897"}],"version-history":[{"count":16,"href":"https:\/\/www.ucot.com.uy\/index.php\/wp-json\/wp\/v2\/pages\/1897\/revisions"}],"predecessor-version":[{"id":1930,"href":"https:\/\/www.ucot.com.uy\/index.php\/wp-json\/wp\/v2\/pages\/1897\/revisions\/1930"}],"wp:attachment":[{"href":"https:\/\/www.ucot.com.uy\/index.php\/wp-json\/wp\/v2\/media?parent=1897"}],"curies":[{"name":"wp","href":"https:\/\/api.w.org\/{rel}","templated":true}]}}